et y be 0 + (0 - c)*-1. What is the greatest common divisor of y and 15?
3
Let y be 4/(-30) - (-128)/60 - -14. What is the highest common divisor of 48 and y?
16
Let g(d) = 5 - 9 + d**2 - 2 - 1. Let q be g(5). Suppose 4*n - 5*t = 48, -4*n - 3*t = 2 - q. Calculate the greatest common factor of n and 49.
7
Suppose 2*p + 12 - 34 = 0. Suppose -6*r + 2*r = -3*s - 4, s - 12 = 4*r. Let i be (-612)/s + 3/6. Calculate the greatest common divisor of i and p.
11
Let q be (4 + -2)*2/(12/45). Calculate the greatest common factor of q and 90.
15
Let n(u) = -u**3 - u**2 + 3*u + 4. Let c be n(-3). What is the highest common divisor of c and 78?
13
Let f(j) = j - 2. Let d be f(6). What is the greatest common divisor of 4 and d?
4
Suppose 0 = o - 5 - 0. Suppose -327 = -o*y - 82. Suppose -2*g + y = -g. Calculate the greatest common factor of 7 and g.
7
Let o be 40/2*(-9)/(-4). Let i be 3/(-2) - 1533/14. Let x be 1/(-4) + i/(-12). What is the greatest common divisor of x and o?
9
Suppose -15 = v - 2*v. Let n = -13 - -18. Calculate the greatest common factor of n and v.
5
Let y be (-4)/14 - (-517)/(-77). Let j = 17 + y. What is the highest common divisor of j and 50?
10
Suppose -3*s + 5*s - 8 = 0. What is the greatest common factor of 16 and s?
4
Let w = 608 - 576. Suppose -3*u + 0*x = -2*x - 6, 0 = 3*u - x - 9. Let b be 2/4*u*4. What is the greatest common divisor of w and b?
8
Suppose -2*a + 0*k + 5*k + 24 = 0, 3*k + 16 = 2*a. Suppose -5*z = -5*s + 75, z - 7 + 36 = 2*s. Calculate the greatest common divisor of a and s.
2
Let n = 188 + -116. Calculate the highest common divisor of n and 18.
18
Suppose 3*w = 1 + 8. Let g(v) = -13*v - 2. Let x(d) = -14*d - 3. Let o(k) = -4*g(k) + 3*x(k). Let b be o(1). What is the highest common divisor of w and b?
3
Let d(k) = k**3 - 20*k**2 + 2*k - 33. Let t be d(20). Let g be (28/(-6))/((-2)/6). Calculate the highest common divisor of g and t.
7
Suppose 0 = -4*v - 4, 0 = -4*n - 5*v + v + 76. Calculate the greatest common factor of n and 50.
10
Let r(i) = i**2 - 8*i + 8. Let y be r(8). Calculate the highest common factor of 8 and y.
8
Let u = 11 - 12. Let k(w) = 16*w**3 - w**2 + 1. Let g be k(1). Let l be 236/g - u/4. What is the greatest common divisor of 120 and l?
15
Let q be (-4)/5*(-10)/4. Calculate the greatest common divisor of 2 and q.
2
Suppose 0 = 8*g - 3*g - 150. Calculate the greatest common divisor of g and 270.
30
Let x be (12 - 2) + (-5 - -2). What is the highest common factor of 49 and x?
7
Suppose -20 = 4*r, -2*r + 0*r = w + 3. Suppose w*b = 3*b + 72. What is the highest common divisor of b and 18?
18
Let z be ((4 - 2) + -3)/(-1). Let c = 9 + z. Calculate the greatest common divisor of 5 and c.
5
Let o = 27 + -25. What is the highest common factor of 10 and o?
2
Suppose 0 = -2*x - 5*k + 159, -306 = 2*x - 6*x + 2*k. Suppose -4*b = -5*b + x. Calculate the highest common divisor of 11 and b.
11
Suppose 0 = -8*s - 2*s + 840. Suppose -4*z + 0*z = -48. Calculate the greatest common factor of s and z.
12
Let x(m) = m**3 - 8*m**2 - m + 4. Let d be x(8). Let p be (9/d)/(6/(-32)). Calculate the highest common divisor of 12 and p.
12
Suppose 3*d - h - 13 = 0, 2*h = -2*d + 4 + 2. Suppose -3*n = 2*n - 5. Let l be (-4)/((d/(-54))/n). What is the highest common factor of l and 6?
6
Suppose 3*g - b - 10 + 3 = 0, 8 = 2*g + b. Suppose 8 - g = 5*u. What is the greatest common factor of u and 11?
1
Let b(p) = p**3 + 11*p**2 - 13*p - 9. Let x be b(-12). Suppose -3*f - 33 = -x*s, 0*s - s = f - 7. Calculate the highest common factor of s and 18.
9
Let c(n) = 3*n + 6. Let g be c(-4). Let k = g + 11. Suppose k*q - q + 3*a = -4, 3*a + 20 = 4*q. What is the greatest common divisor of q and 5?
1
Suppose 3*m = -2*s + 12, 2*s = 4 + 2. Let b(o) = -o**2 - 5*o + 2. Let z be b(-4). Calculate the greatest common divisor of m and z.
2
Let r be (16/5)/(5/25). Let j be (-246)/(-21) + 4/14. Suppose 0 = d + j - 36. What is the greatest common factor of d and r?
8
Let u be 8/((4/(-6))/(-1)). Let k = -10 - -14. What is the greatest common divisor of k and u?
4
Let l(a) = 2*a**3 + 6*a**2 + 2*a - 1. Let n be l(-4). Let f be 1 - (1 - -1) - n. Suppose 5*p - 25 = f. What is the highest common factor of 13 and p?
13
Let d be (2 + 1)/(-3) + -3 - -39. Calculate the highest common factor of d and 70.
35
Let c = 20 + 6. What is the highest common factor of c and 130?
26
Let z(k) = -2*k + 4*k**2 - 7 - k**2 - 2*k. Let h be z(5). Calculate the highest common factor of h and 24.
24
Let x be (-4)/(-22) - (-6322)/319. What is the greatest common divisor of 260 and x?
20
Let c(p) = p**3 - 9*p**2 + 9*p - 2. Let u be c(8). Let i(t) = -t**3 + 7*t**2 - 5*t + 4. Let y be i(u). Calculate the highest common factor of y and 30.
10
Let v = -95 + 119. Calculate the greatest common factor of 24 and v.
24
Let u(q) = -q**3 - 7*q**2 + 8*q. Let k be u(-8). Suppose 0 = -2*d, -4*r + k*r + d + 180 = 0. Let p = 14 - 5. Calculate the greatest common divisor of p and r.
9
Let u(l) = 2*l**2 - 4*l + 4. Let t be u(6). Suppose -2*v + 5*b + 33 + 8 = 0, 3*b + 61 = 4*v. What is the greatest common divisor of t and v?
13
Let s be (-1 - -8)*4/4. Let k be (-14)/(-2) - (2 - 0). Suppose 3*l - l = 4, k*u - l = 103. What is the greatest common factor of u and s?
7
Suppose a + 4*b = 2*b - 14, -4*a + 3*b - 1 = 0. Let q be 1*a - (5 + -4). Let h(c) = -3*c + 2. Let y be h(q). What is the greatest common divisor of 17 and y?
17
Let n be (-1)/((-2)/(-20)*1). Let j = 19 + n. Suppose -2*d + d - 5*s + 22 = 0, 28 = d - s. What is the greatest common divisor of d and j?
9
Suppose -c + 5 + 32 = 0. Calculate the greatest common divisor of 185 and c.
37
Let p(t) = -2*t - 9. Let w be p(-7). Let u = 20 - w. Calculate the highest common divisor of u and 135.
15
Suppose z - 1 = 1. Suppose -z*g - 2*g - r = -864, 0 = 3*g + 2*r - 643. Let q = g + -152. What is the greatest common divisor of q and 13?
13
Let g(r) = -r - 4. Let i be g(-14). What is the greatest common divisor of i and 40?
10
Let y be 34 - (3 - (1 + 6)). Suppose 0*c = -c - 5*u + y, -4*u - 80 = -4*c. Calculate the greatest common factor of c and 46.
23
Suppose 0*k - 2*k = -4. Suppose 0 = h - k*q - 223, -5*h = -8*q + 3*q - 1120. Let s be 10/(-40) + h/4. What is the highest common factor of 8 and s?
8
Suppose 0*s + 3*s - 28 = 4*j, 0 = -5*s + 2*j + 56. What is the highest common factor of s and 48?
12
Let b = 5 - 8. Let k(v) = -14*v - 3. Let j be k(b). Suppose -3*q + j = 3*o, -18 = -5*q - 4*o + 47. What is the highest common divisor of 13 and q?
13
Suppose 4*g - 3*g = 25. Let a(i) = -i**3 - 8*i**2 + i + 11. Let d be a(-8). Let q be (-1 - 2)*(-5)/d. What is the highest common divisor of q and g?
5
Let l = -2 + -1. Let u be (2 - (-2 - l)) + 0. Suppose 9 = -4*k + 25. What is the highest common divisor of k and u?
1
Let h = -24 - -40. Calculate the greatest common factor of 144 and h.
16
Suppose -3136 = -10*u - 4*u. What is the greatest common divisor of u and 32?
32
Suppose 2 = 2*l - 2. Suppose 5*t = 4*t - 3*f + 2, 5*f + 26 = l*t. Calculate the greatest common factor of 2 and t.
2
Let x be 4*-5*(-4)/10. Let k(m) = 9*m - 9*m**2 - m**3 + m**3 - 1 + m**3. Let d be k(x). What is the highest common divisor of d and 49?
7
Let v(n) = -n + 4. Let i be v(-12). What is the greatest common divisor of 128 and i?
16
Let l(r) = -r**3 + 11*r**2 - 11*r + 4. Let w be l(8). Calculate the highest common divisor of w and 12.
12
Suppose -220 = -4*n - n. Let d be 0 - 3/((-12)/n). Let c(k) = 45*k - 2. Let w be c(2). Calculate the greatest common divisor of w and d.
11
Let o = 32 + -27. What is the greatest common divisor of o and 20?
5
Let c(a) = -2*a - 1. Let u be c(-3). Suppose -4*l - u*n = -2*n - 2, -5*l + 8 = n. What is the greatest common divisor of 10 and l?
2
Let x(y) = -2*y**2 + 6*y + 9. Let t be x(0). Let a = -10 - -28. Suppose -2*d + a + 126 = 0. Calculate the highest common factor of t and d.
9
Let f(j) = 2*j**2 - 4*j - 21. Let o be f(9). Calculate the greatest common divisor of 21 and o.
21
Suppose -4*w = 2*h - 314, -4*w = 8*h - 4*h - 320. Suppose 0 = p + l + 102 - 109, 0 = -3*l. Calculate the greatest common factor of w and p.
7
Suppose u + 0*r - 4*r = 104, 98 = u - 2*r. Calculate the highest common factor of u and 23.
23
Let t be 941/4 - (-4)/(-16). Suppose -t = -5*o + 530.